se 6, what is -12335 + 1?
-12334
In base 15, what is -de + -29?
-118
In base 7, what is -11 - 32?
-43
In base 12, what is 5 + 1775?
177a
In base 13, what is -1 + 138?
137
In base 11, what is 2 + -10?
-9
In base 4, what is -1 - -310023?
310022
In base 14, what is 4 + 3b?
41
In base 10, what is 19 + -991?
-972
In base 13, what is -1 + -1?
-2
In base 10, what is -1 - 631?
-632
In base 13, what is 2021 - 1?
2020
In base 3, what is 101022 + 12?
101111
In base 3, what is 11 - 12020?
-12002
In base 9, what is -6 - -386?
380
In base 2, what is 1001010000 - 1011?
1001000101
In base 3, what is -2 - -222000?
221221
In base 14, what is -1 + -129c?
-129d
In base 4, what is 3 + -1000?
-331
In base 10, what is 168 + 1?
169
In base 2, what is 1001 + -1011?
-10
In base 3, what is 11 + 1100?
1111
In base 14, what is 200 - -6?
206
In base 2, what is -101 + -101011101?
-101100010
In base 6, what is -1 + 555?
554
In base 15, what is 7e + 5?
84
In base 2, what is -100010100101 - 100?
-100010101001
In base 7, what is 4 - 13312?
-13305
In base 12, what is b - -1?
10
In base 5, what is 2 + 34421?
34423
In base 7, what is -11 - 446?
-460
In base 14, what is -23 - c1?
-104
In base 4, what is 11312 - -3?
11321
In base 16, what is -8 - 3c9?
-3d1
In base 5, what is 11120 - -34?
11204
In base 9, what is 0 - 1236?
-1236
In base 7, what is -5 - -164?
156
In base 13, what is -5 + 435?
430
In base 12, what is 2 - 1413?
-1411
In base 3, what is 2 - -1002221?
1010000
In base 10, what is -9 + 56?
47
In base 12, what is -5 + -bb?
-104
In base 7, what is 165031 + 0?
165031
In base 7, what is 1136 - -4?
1143
In base 11, what is 12 + -17?
-5
In base 2, what is 1011 - 101?
110
In base 14, what is 0 - -89?
89
In base 11, what is -2 + -81a?
-821
In base 2, what is 10 - -1100?
1110
In base 6, what is 2132 - 4?
2124
In base 12, what is -5421 - 1?
-5422
In base 11, what is 4 + -39?
-35
In base 8, what is 1453 - 1?
1452
In base 4, what is 3 + 12223?
12232
In base 5, what is -2 - -44?
42
In base 11, what is -3 + 325?
322
In base 10, what is -1159 - 1?
-1160
In base 6, what is 2422 - -3?
2425
In base 6, what is -3 - 32424?
-32431
In base 15, what is 34 - -d?
42
In base 6, what is -5 - 212?
-221
In base 5, what is 23 + 2331?
2404
In base 7, what is 2 + 406?
411
In base 8, what is 3 + 142?
145
In base 3, what is 0 + -121?
-121
In base 9, what is 17 + 18?
36
In base 16, what is -2c0 - 2?
-2c2
In base 12, what is 5 - -1781?
1786
In base 13, what is 1 + b65?
b66
In base 6, what is -105012 + 3?
-105005
In base 3, what is 2 + -22211212?
-22211210
In base 6, what is 201 - 3?
154
In base 16, what is 5 + -4d?
-48
In base 4, what is -32 + 10101?
10003
In base 3, what is -100 + -110101?
-110201
In base 11, what is -285 + -9?
-293
In base 8, what is -54 + -3?
-57
In base 10, what is -220 - -1?
-219
In base 10, what is 0 + -276?
-276
In base 9, what is 3 - 1416?
-1413
In base 3, what is 12 - 22100220?
-22100201
In base 10, what is 3558 + -3?
3555
In base 12, what is 2a3 - 0?
2a3
In base 11, what is 0 + 2a7?
2a7
In base 8, what is 75 + 47?
144
In base 11, what is 0 + -413?
-413
In base 13, what is b5b + -5?
b56
In base 15, what is -17 - 0?
-17
In base 8, what is 0 + 130?
130
In base 5, what is 3 + 343?
401
In base 12, what is 98 + 5?
a1
In base 12, what is -4 + -11?
-15
In base 7, what is -1200 + -1?
-1201
In base 16, what is -57 - 2?
-59
In base 11, what is -a7 + 2?
-a5
In base 7, what is -5 - -636?
631
In base 12, what is -4 - -249?
245
In base 5, what is 34223 + 12?
34240
In base 16, what is -163 - 4?
-167
In base 7, what is -55 - -156?
101
In base 9, what is -4 - 452?
-456
In base 9, what is 20454 - 3?
20451
In base 13, what is 9 - b?
-2
In base 3, what is -1 + 1212?
1211
In base 13, what is -5c6 + 5?
-5c1
In base 9, what is 2181 + 1?
2182
In base 16, what is 3 + 599?
59c
In base 13, what is 4 - 9a?
-96
In base 8, what is -212 + -5?
-217
In base 13, what is -883 + 3?
-880
In base 8, what is -1 + 107?
106
In base 2, what is 100111001011101 + -11?
100111001011010
In base 2, what is -11 - 1110010?
-1110101
In base 11, what is 5 + 65?
6a
In base 9, what is -504 + 0?
-504
In base 4, what is -21 - 31?
-112
In base 10, what is -4 + -9163?
-9167
In base 8, what is -10 + -2112?
-2122
In base 16, what is -c + -7?
-13
In base 8, what is 1762 + 3?
1765
In base 12, what is -11 + 11?
0
In base 15, what is 96 + -e?
87
In base 6, what is -333 + 5?
-324
In base 8, what is -7 - -100?
71
In base 10, what is -50 + -10?
-60
In base 5, what is 101123 - 2?
101121
In base 7, what is 1216 - -5?
1224
In base 3, what is -10101 + -1221?
-12022
In base 5, what is 10 - 3143?
-3133
In base 8, what is -4362 + -1?
-4363
In base 7, what is -1 - 1?
-2
In base 12, what is -431 + -6?
-437
In base 5, what is 20 - -1?
21
In base 4, what is -31 - -32?
1
In base 13, what is -a - 23?
-30
In base 13, what is -104c - 2?
-1051
In base 9, what is -23 + 101?
67
In base 11, what is 1 - -825?
826
In base 14, what is 1a0 - -1?
1a1
In base 8, what is 5 - -12410?
12415
In base 10, what is 4362 + 5?
4367
In base 13, what is 1a7 - -3?
1aa
In base 2, what is 11000 + -111?
10001
In base 5, what is -132313 + -1?
-132314
In base 11, what is 17340 + -4?
17337
In base 11, what is -5 + 166?
161
In base 5, what is 1200120 - 4?
1200111
In base 11, what is 701 - -2?
703
In base 9, what is 64 - -74?
148
In base 11, what is 17 - -147?
163
In base 2, what is 1111100101 - 10?
1111100011
In base 2, what is 11 - 101001110011?
-101001110000
In base 11, what is 2 + 17a0?
17a2
In base 2, what is 1010101 - -100?
1011001
In base 10, what is 5 + 1097?
1102
In base 5, what is 10 - 2422?
-2412
In base 2, what is 11001111011 - -110?
11010000001
In base 10, what is 29 + 4?
33
In base 6, what is -31001 - -2?
-30555
In base 14, what is 1 + -176?
-175
In base 10, what is -7 - -4?
-3
In base 15, what is -1 + 594?
593
In base 11, what is -100 + -4?
-104
In base 16, what is e0 - -20?
100
In base 15, what is 20b - -9?
215
In base 11, what is 12526 - 3?
12523
In base 15, what is -7 + 3?
-4
In base 4, what is 22201 + 3?
22210
In base 2, what is 1011011 + 10?
1011101
In base 9, what is 0 - -53?
53
In base 13, what is a + 378?
385
In base 9, what is -813 - -22?
-781
In base 5, what is -4 - -3101?
3042
In base 10, what is -1221 + -3?
-1224
In base 14, what is 189 + -14?
175
In base 9, what is 2 - -404?
406
In base 5, what is -2 + 413?
411
In base 12, what is -b8 + -8?
-104
In base 8, what is -2 + 5303?
5301
In base 2, what is 11 - 100010?
-11111
In base 8, what is 35 - -1?
36
In base 10, what is 33436 - -3?
33439
In base 8, what is 6 - -5057?
5065
In base 7, what is 14 - 0?
14
In base 13, what is 0 - -1183?
1183
In base 15, what is 138b - 0?
138b
In base 9, what is 4 + 458?
463
In base 2, what is -110 - -101111?
101001
In base 5, what is -10 - -3200?
3140
In base 11, what is a4 - 1?
a3
In base 8, what is -156 + -3?
-161
In base 3, what is 11 + 2220112?
2220200
In base 11, what is 0 - -91?
91
In base 6, what is 25203 + -5?
25154
In base 11, what is -3 + -10a?
-112
In base 12, what is 0 + -75?
-75
In base 10, what is 2921 + 4?
2925
In base 8, what is 63552 - 5?
63545
In base 16, what is 2 + 60?
62
In base 16, what is 2 + 4f3?
4f5
In base 12, what is -72 + -3?
-75
In base 3, what is -21 - 1101210?
-1102001
In base 11, what is -143 - 32?
-175
In base 8, what is -100 - -25?
-53
In base 8, what is 4 + 24?
30
In base 9, what is -45 - -4?
-41
In base 15, what is 378 - -4?
37c
In base 5, what is -31143 + -23?
-31221
In base 10, what is 3 + -51?
-48
In base 9, what is -2 - 204?
-206
In base 7, what is 0 - 104?
-104
In base 3, what is -10001 + 212?
-2012
In base 8, what is 113 + 3?
116
In base 16, what is -23a + -b?
-245
In base 7, what is 3524 - -4?
3531
In base 15, what is 1565 - -3?
1568
In base 4, what is -11 + 310?
233
In base 4, what is 0 + 13?
13
In base 10, what is 4 + -2?
2
In base 5, what is 1 - -4433?
4434
In base 3, what is 2 - 20?
-11
In base 5, what is -320121 + 3?
-320113
In base 16, what is -9c - -2?
-9a
In base 7, what is 12353 - 1?
12352
In base 6, what is 10012 + -5?
10003
In base 13, what is 24 - -191?
1b5
In base 3, what is 1 + -122121?
-122120
In base 9, what is -3 + -3434?
-3437
In base 2, what is 101 + -1011010110?
-1011010001
In base 15, what is 3ce8 + 0?
3ce8
In base 5, what